t of 4319?
9
What is the hundreds digit of 87094?
0
What is the units digit of 2683?
3
What is the units digit of 3927?
7
What is the units digit of 12507?
7
What is the thousands digit of 1395?
1
What is the ten thousands digit of 14687?
1
What is the units digit of 28428?
8
What is the thousands digit of 11505?
1
What is the units digit of 3988?
8
What is the units digit of 2905?
5
What is the tens digit of 12069?
6
What is the tens digit of 677?
7
What is the units digit of 1868?
8
What is the units digit of 1089?
9
What is the thousands digit of 2343?
2
What is the tens digit of 47?
4
What is the tens digit of 15848?
4
What is the tens digit of 1628?
2
What is the tens digit of 9806?
0
What is the units digit of 11512?
2
What is the hundreds digit of 1555?
5
What is the tens digit of 4385?
8
What is the hundreds digit of 15425?
4
What is the ten thousands digit of 128545?
2
What is the units digit of 83150?
0
What is the tens digit of 22147?
4
What is the hundreds digit of 38555?
5
What is the units digit of 636?
6
What is the units digit of 38866?
6
What is the ten thousands digit of 17561?
1
What is the thousands digit of 5669?
5
What is the units digit of 37863?
3
What is the units digit of 355?
5
What is the tens digit of 2688?
8
What is the hundreds digit of 20203?
2
What is the hundreds digit of 5672?
6
What is the tens digit of 500?
0
What is the hundreds digit of 700?
7
What is the ten thousands digit of 10288?
1
What is the tens digit of 39499?
9
What is the hundreds digit of 13081?
0
What is the units digit of 20233?
3
What is the thousands digit of 2201?
2
What is the tens digit of 81448?
4
What is the tens digit of 2080?
8
What is the hundreds digit of 31635?
6
What is the units digit of 26919?
9
What is the thousands digit of 5686?
5
What is the tens digit of 27458?
5
What is the tens digit of 13908?
0
What is the tens digit of 863?
6
What is the units digit of 5857?
7
What is the units digit of 6030?
0
What is the hundreds digit of 115?
1
What is the thousands digit of 107336?
7
What is the tens digit of 108109?
0
What is the thousands digit of 7887?
7
What is the units digit of 960?
0
What is the units digit of 1208?
8
What is the hundreds digit of 2387?
3
What is the tens digit of 279?
7
What is the thousands digit of 7300?
7
What is the ten thousands digit of 44186?
4
What is the tens digit of 1662?
6
What is the thousands digit of 144343?
4
What is the hundreds digit of 58197?
1
What is the hundreds digit of 52330?
3
What is the tens digit of 937?
3
What is the tens digit of 2635?
3
What is the units digit of 4589?
9
What is the units digit of 20333?
3
What is the units digit of 2707?
7
What is the units digit of 21658?
8
What is the hundreds digit of 2525?
5
What is the ten thousands digit of 11748?
1
What is the ten thousands digit of 12159?
1
What is the thousands digit of 3736?
3
What is the hundreds digit of 6032?
0
What is the tens digit of 50?
5
What is the tens digit of 10709?
0
What is the tens digit of 7283?
8
What is the tens digit of 1456?
5
What is the tens digit of 7418?
1
What is the ten thousands digit of 46914?
4
What is the thousands digit of 135850?
5
What is the hundreds digit of 30322?
3
What is the tens digit of 35?
3
What is the tens digit of 597?
9
What is the thousands digit of 2442?
2
What is the tens digit of 34132?
3
What is the ten thousands digit of 25529?
2
What is the thousands digit of 8090?
8
What is the units digit of 247?
7
What is the tens digit of 1737?
3
What is the tens digit of 19120?
2
What is the hundreds digit of 1263?
2
What is the units digit of 2497?
7
What is the thousands digit of 54020?
4
What is the tens digit of 762?
6
What is the tens digit of 588?
8
What is the thousands digit of 5305?
5
What is the ten thousands digit of 21210?
2
What is the thousands digit of 28124?
8
What is the units digit of 11871?
1
What is the thousands digit of 14043?
4
What is the ten thousands digit of 14176?
1
What is the ten thousands digit of 154495?
5
What is the tens digit of 175?
7
What is the thousands digit of 3401?
3
What is the tens digit of 71579?
7
What is the hundreds digit of 632?
6
What is the hundreds digit of 11602?
6
What is the thousands digit of 47136?
7
What is the tens digit of 8412?
1
What is the ten thousands digit of 15344?
1
What is the tens digit of 143995?
9
What is the hundreds digit of 65659?
6
What is the hundreds digit of 1145?
1
What is the tens digit of 73362?
6
What is the hundreds digit of 16197?
1
What is the ten thousands digit of 41504?
4
What is the hundreds digit of 10291?
2
What is the units digit of 854?
4
What is the units digit of 908?
8
What is the tens digit of 3536?
3
What is the units digit of 33201?
1
What is the tens digit of 437?
3
What is the hundreds digit of 5204?
2
What is the hundred thousands digit of 161997?
1
What is the units digit of 17476?
6
What is the units digit of 11033?
3
What is the units digit of 614?
4
What is the tens digit of 25958?
5
What is the tens digit of 6449?
4
What is the tens digit of 59218?
1
What is the thousands digit of 25483?
5
What is the hundreds digit of 9794?
7
What is the ten thousands digit of 153327?
5
What is the units digit of 1787?
7
What is the tens digit of 59517?
1
What is the ten thousands digit of 11241?
1
What is the thousands digit of 6489?
6
What is the units digit of 884?
4
What is the units digit of 5082?
2
What is the hundreds digit of 1381?
3
What is the tens digit of 4387?
8
What is the thousands digit of 34502?
4
What is the tens digit of 2212?
1
What is the units digit of 2496?
6
What is the tens digit of 802?
0
What is the units digit of 7661?
1
What is the units digit of 4589?
9
What is the tens digit of 876?
7
What is the units digit of 23?
3
What is the thousands digit of 3861?
3
What is the hundreds digit of 46986?
9
What is the ten thousands digit of 29890?
2
What is the thousands digit of 14084?
4
What is the tens digit of 189?
8
What is the thousands digit of 17275?
7
What is the units digit of 837?
7
What is the thousands digit of 5515?
5
What is the hundreds digit of 3458?
4
What is the units digit of 1034?
4
What is the tens digit of 2943?
4
What is the tens digit of 412?
1
What is the hundreds digit of 992?
9
What is the tens digit of 4103?
0
What is the tens digit of 40?
4
What is the units digit of 55848?
8
What is the tens digit of 5693?
9
What is the hundreds digit of 921?
9
What is the units digit of 1596?
6
What is the tens digit of 1049?
4
What is the hundreds digit of 2394?
3
What is the tens digit of 2555?
5
What is the hundreds digit of 7216?
2
What is the tens digit of 4493?
9
What is the tens digit of 1253?
5
What is the tens digit of 72124?
2
What is the units digit of 4239?
9
What is the hundreds digit of 1744?
7
What is the thousands digit of 1675?
1
What is the ten thousands digit of 47610?
4
What is the hundreds digit of 68918?
9
What is the units digit of 114632?
2
What is the hundreds digit of 46493?
4
What is the tens digit of 37865?
6
What is the ten thousands digit of 64031?
6
What is the units digit of 28781?
1
What is the units digit of 1147?
7
What is the tens digit of 2781?
8
What is the hundreds digit of 2221?
2
What is the units digit of 103557?
7
What is the units digit of 390?
0
What is the thousands digit of 6226?
6
What is the tens digit of 522?
2
What is the hundreds digit of 11502?
5
What is the tens digit of 2366?
6
What is the units digit of 476?
6
What is the units digit of 7531?
1
What is the units digit of 5049?
9
What is the tens digit of 4476?
7
What is the hundreds digit of 249?
2
What is the hundreds digit of 2297?
2
What is the hundreds digit of 4417?
4
What is the hundreds digit of 7322?
3
What is the hundreds digit of 70639?
6
What is the tens digit of 61648?
4
What is the tens digit of 2878?
7
What is the hundreds digit of 11704?
7
What is the tens digit of 927?
2
What is the thousands digit of 54202?
4
What is the thousands digit of 3582?
3
What is the hundreds digit of 1075?
0
What is the tens digit of 870?
7
What is the hundreds digit of 133995?
9
What is the tens digit of 32045?
4
What is the units digit of 10886?
6
What is the thousands digit of 26678?
6
What is the hundreds digit of 216?
2
What is the tens digit o